7 - 72*s + 24*s. Determine t(-10).
3
Let z be 75205/104 + (3/(-24))/1. Let s = z - 735. Let w(c) = -c**3 - 11*c**2 + 13*c - 9. Calculate w(s).
-21
Let u(c) = -c**3 - 6*c**2 + 13*c - 14. Let j be u(-8). Let b(x) = -22*x + 212. Let n be b(j). Let g(v) = -v**3 - 9*v**2 - 10*v - 2. Calculate g(n).
14
Let p(h) = -h**2 + 17*h + 19. Let j be p(-1). Let f(g) = 41*g**2 - g. Calculate f(j).
40
Let f = 3 - 1. Let b(a) be the second derivative of 0*a**2 + 1/2*a**3 + 5*a + 0. Give b(f).
6
Let b(v) = -v**3 - 8*v**2 + 8*v - 12. Let s(h) = 4*h + 7. Let f(n) = n + 105. Let r be f(-28). Let q = 73 - r. Let k be s(q). Calculate b(k).
-3
Let x = 1886 + -1853. Let q(b) = -2*b + 70. What is q(x)?
4
Let i(w) be the first derivative of -w**4/4 + 16*w**3/3 - 57*w**2/2 + 10*w + 2686. What is i(5)?
0
Let u(n) = n - 12. Let g(q) = 2*q - 28. Suppose 0 = 4*y + 4*a + 16, -3*y + 4*a + 2 - 7 = 0. Let i(x) = y*g(x) + 5*u(x). Determine i(18).
6
Suppose -x - 18 = -5*x + 3*h, -21 = -5*x + 3*h. Let n(c) = 156*c**3 - 11 + 8*c**2 + 0*c - 11*c - 77*c**x - 78*c**3. What is n(-9)?
7
Suppose 123*i - t = 119*i - 32, 3*t = 12. Let g(s) = -4*s. Calculate g(i).
28
Let b = 13417 - 13415. Let x(h) = -h**3 - h**2 + 3*h - 2. Calculate x(b).
-8
Let b(q) = q**2 + 20*q + 85. Let u be b(-6). Let w(j) = 8*j + 4. Calculate w(u).
12
Let w(c) = -c**3 - 5*c**2 + 9. Let i be w(-4). Let x = i + 10. Let h(u) = 2 - u**3 + 3 - 8 - 2*u**2 + x*u. Determine h(-4).
17
Let s(w) = -w + 8. Let k be s(0). Suppose 1 = d - a, 4*a - k = 2*d - 0*d. Let o(x) be the first derivative of -x**3/3 + 9*x**2/2 - 3*x + 24. Determine o(d).
15
Let u(r) = 4*r - 4. Let g(y) = -6 - 1 + 9*y - 2*y. Let h(w) = -3*g(w) + 5*u(w). Let q = -62 + 61. Calculate h(q).
2
Let m(x) = 7*x - 9*x - 7 + x**3 + 1 + 3*x. Let f = 625 - 625. Calculate m(f).
-6
Let f(x) = -x. Let p be f(-1). Let q(v) = -10. Let a(s) = -27. Let c(d) = 3*a(d) - 8*q(d). Let t(y) = y**2 + y + 1. Let m(r) = p*t(r) + 2*c(r). Determine m(-4).
11
Let j(b) be the third derivative of -17*b**4/12 + b**3/6 - b**2 - 97. Determine j(-1).
35
Let u(j) be the second derivative of -j**3/2 - 9*j**2 + 3740*j. Calculate u(-7).
3
Let t(h) = h**3 + 6*h**2 - 3*h - 7. Let k(l) = 2*l**2 - 51*l - 33. Let r be k(-9). Let u = 582 - r. Determine t(u).
11
Let p(z) = -4*z**2 + 56*z - 68. Let t(h) = 11*h**2 - 160*h + 201. Let w(l) = -17*p(l) - 6*t(l). Give w(-7).
-8
Suppose 0 = 3*x - 3*y - 15, 3*x + 2*y - 10 - 5 = 0. Let f(g) = -8*g**2 - 10*g - 27. Let o(b) = -7*b**2 - 9*b - 23. Let q(p) = 6*f(p) - 7*o(p). What is q(x)?
39
Let h = 774 + -774. Let w(p) be the second derivative of 7/6*p**3 - 7/12*p**4 + 1/20*p**5 + h - 3*p**2 - 3*p. Determine w(6).
0
Suppose 4*y - 20 = -y. Let u(h) be the third derivative of 1/60*h**5 + 0 - h**2 - 1/6*h**4 - 3*h - 1/6*h**3. Give u(y).
-1
Suppose 0 = -2*f - 2*f - j - 38, 5*f = -3*j - 44. Suppose -4*l + l - 42 = 2*w, -2*l - 27 = w. Let n = l - f. Let b(c) = c - 2. Give b(n).
-4
Let z(y) = -70*y + 210. Let m be z(3). Let x(k) = k**3 + k**2 - 2*k - 2. What is x(m)?
-2
Let c(d) = -1161 - d - 1184 + 2352. Let f(p) = 19*p - 1. Let k be f(1). Suppose -j = 2*j - k. Give c(j).
1
Let l(j) = j**3 + 8*j**2 + 4*j - 2. Let k = 1 - -2. Let s be ((-46)/8)/((-66)/24 + k). Let t = s + 16. What is l(t)?
19
Let f(h) = -h**2 - 7*h - 18. Let q(v) = -34*v - 787. Let x be q(-23). What is f(x)?
-8
Suppose 0 = 3*y + 42 - 51. Suppose -25 + 5 = -5*d + c, y*d + 2*c - 25 = 0. Let j(a) = -7*a - 5. Let x(z) = 3*z + 2. Let v(s) = 2*j(s) + 5*x(s). Calculate v(d).
5
Let d(j) = -58*j**2 - 2 + 33*j**2 + 47*j**2 - 3 + 6. Give d(-1).
23
Let v(k) = -8*k**2 + k - 1. Let o(h) = -3 - 6 - 3*h + 5*h. Let p = -1700 - -1705. Let g be o(p). What is v(g)?
-8
Let g = 19 + -19. Let k be 6*(-9)/(-18) - (g - 1). Let y(t) = -2*t**2 + 3*t + 1. Determine y(k).
-19
Suppose -26 = -4*l + 5*o, 3*l + 2*o + 2 = 10. Let b(u) = u**2 - 101*u - 2*u**2 + 260*u + 4 - 9 - 1 - 149*u. What is b(l)?
18
Let t be (-12)/27 + (-4)/(-9). Let y(x) = x**2 - 11*x**2 - 6*x + 8*x**2 + t + 5. Let h be -5*(1 - 0/3). Determine y(h).
-15
Let t(u) = 9*u**2 + 12*u + 12. Let p be t(5). Let w = 297 - p. Let a(v) = -v - 17. Give a(w).
-17
Suppose 14*x = 12*x + 30. Let u(b) = -1 - 12*b + 32*b - x*b. Suppose 2 = -19*q + 20*q. What is u(q)?
9
Let d(f) = -485*f + 4827. Let u be d(10). Let b(a) = -2*a**2 - 46*a - 6. Determine b(u).
-6
Let j(t) = -10*t + 21. Let f be -50*(372/120)/(-31). Give j(f).
-29
Let m(i) = -i**3 + 6*i**2 - 5*i + 3. Let c(r) = 3*r - 58. Let q = -24 - -45. Let w be c(q). What is m(w)?
3
Let g(o) be the second derivative of -o**5/120 - o**3 - 2*o. Let a(q) be the second derivative of g(q). Let x = 2800 + -2798. Calculate a(x).
-2
Let y = 79 - 89. Let v = 13 + y. Let d(b) = 2*b - 7*b - b**v - 1 + 0*b**3 + b - 3*b**2. What is d(-3)?
11
Let y(i) = -i**2 + 9*i. Let r = -37 - -69. Let u = r - 25. Suppose a + 42 = u*a. Determine y(a).
14
Let f(m) be the second derivative of m**3/2 - 4*m**2 + 130*m. Let u(v) = 3*v**2 - v. Let j be u(1). Suppose -s + 18 = j*s. Calculate f(s).
10
Let r(p) be the second derivative of p**4/12 + 3*p**2 + 221*p - 3. Calculate r(-3).
15
Let d(o) be the first derivative of 4*o - 5/2*o**2 - 1 - o**3 + 1/4*o**4. Let x be (-28 - -20)/(-4 + 2). Calculate d(x).
0
Let d = -23 - -25. Let w(u) = -u**3 - 280*u - 3*u**d - 3 - u**2 + 276*u. What is w(-3)?
0
Let k(t) = 21*t + 216. Let l be (9/(-18))/((-3)/(-60)). Let p be k(l). Let v(m) = m**2 - 3*m + 4. Determine v(p).
22
Let t(h) = -4364 + 12977 - h**2 + 20*h - 4335 - 4331. What is t(17)?
-2
Let x(n) = -n**2 + 19*n + 13. Let w(h) = -h**2 + 13*h + 9. Let m(j) = 8*w(j) - 5*x(j). Let f(q) = -5*q**2 + 8*q + 7. Let p(k) = 2*f(k) - 3*m(k). Give p(-10).
3
Let i(x) = x + 8. Let z = -59 + 63. Let j be -6 - (0 - z - -4). Determine i(j).
2
Let f(o) be the third derivative of o**4/24 - o**3/6 + 48*o**2. Let v(u) = 4*u - 19. Let w be v(4). What is f(w)?
-4
Let i(m) = -m**3 - 5*m**2 + 9*m + 11. Suppose -11*d + 468 = 534. Determine i(d).
-7
Let v(h) = -10*h**3 + 14*h**2 - 14*h - 10. Let w(x) = -3*x**3 + 4*x**2 - 4*x - 3. Let o(s) = -2*v(s) + 7*w(s). Determine o(-1).
0
Let s(i) = -38 + i + 59*i**2 - i - 125*i**2 + 68*i**2. Calculate s(0).
-38
Let h(f) = f**2 - 1. Let o(q) be the second derivative of -7*q**4/12 - 2*q**3/3 + q**2 - 4*q + 1. Let v(w) = 5*h(w) + o(w). Give v(-3).
-9
Let t(p) = -16*p + 23. Let k(r) = -23*r + 21. Let w(a) = 3*k(a) - 4*t(a). Give w(-7).
6
Let t be (-2 - (-32)/6)*(-27972)/(-3330). Let k(d) = -2*d**3 + 57*d**2 - 33*d + 55. Calculate k(t).
-85
Let k(o) = 2*o**2 - 12*o + 6. Let q(g) = -7*g**2 + 4*g - 5 + 12*g**2 - 6*g**2 + 6*g. Let f(w) = 2*k(w) + 3*q(w). Calculate f(-6).
-3
Let x be ((-6)/9)/(-6 + 495/81). Let y(d) = d**2 + 5*d - 1. What is y(x)?
5
Suppose 12*d - 7*d = 10. Let z be 49/(-63)*3 + d/(-3). Let a(l) = 2 + 2*l - 2 + 1. Determine a(z).
-5
Suppose -39*y - 12 = -36*y. Let g(w) = w**2 - 3*w - 29. Let u be g(y). Let o(p) = -7*p**2 - 3*p - 2. Give o(u).
-6
Let k(m) = 4*m**2 + 4*m. Let c(l) be the third derivative of -l**5/20 - l**4/12 - l**3/6 + 24*l**2. Let i(p) = -3*c(p) - 2*k(p). Suppose 2*q = q + 2. Give i(q).
3
Let m(x) = -3*x - 6. Let z(d) = -3*d**2 + 34*d + 18. Suppose 0 = 73*u - 72*u + 12. Let o be -7 + (-66)/u - 27/(-2). Let j be z(o). Give m(j).
12
Let k(b) = b + 23. Let n(z) = z**3 - 7*z**2 - 8*z + 9. Let w be n(8). Let u(o) = -o**3 + 9*o**2 + 3*o - 27. Let y be u(w). Give k(y).
23
Let q(c) = c**3 + 19*c**2 - 41*c - 54. Let u be q(-19). Let j = u - 726. Let l(p) = -p**3 - p. Determine l(j).
2
Let v = -14 + 29. Suppose 3*u - 40 = 4*l, 2*l + 5*u + 9 = v. Let y(p) = 2*p + 1. Give y(l).
-13
Let z be 35/10 - 1/(-2). Let b(f) be the first derivative of f**2/2 - 10*f - 1368. What is b(z)?
-6
Let x(i) be the first derivative of -i**4/12 - 7*i**3/6 - 10*i**2 - 17. Let n(b) be the second derivative of x(b). Let d be (-3)/7 - (-32)/(-7). Determine n(d).
3
Let l(p) = 5*p**2. Suppose 4*j - 3 = 9. Suppose 81*a + 52 = -72*a + 127*a. Let w = a + j. What is l(w)?
5
Let g(t) = 17*t**3 - t**2 - 12*t - 11. Let v(o) = -13*o**3 + o**2 + 8*o + 10. Let s(n) = 3*g(n) + 4*v(n). Determine s(0).
7
Let f = -318 + 318. Suppose f = 3*w - 4*z - 17, 24*w = 20*w + 2*z + 16. Let b(m) = -3*m + 1. Determine b(w).
-8
Let s(w) = w - 1. Let x be s(5). Suppose -2*h = -5*j - 17, j - 53 = -5*h + 3*j. Le